= d**3 + 43*d**2 + 61*d - 43. Determine k(-2).
-1
Let w(n) = -15149*n + 242365. Determine w(16).
-19
Let y(j) = -13*j**3 + 339*j**2 + 81*j - 2809. Give y(26).
-27
Let v(x) = -13153*x + 64402. Determine v(5).
-1363
Let n(a) = 284*a**3 + 37*a**2 + 71*a + 9. What is n(-2)?
-2257
Let t(z) = 4*z**2 + 2222*z - 44857. Calculate t(-575).
-7
Let v(m) = -m**2 + 2563*m + 3426972. Calculate v(-970).
-38
Let i(r) = -2*r**3 + 7*r**2 + 13*r + 75. Determine i(6).
-27
Let o(y) = -y**2 + 122457*y - 4896687. What is o(40)?
-7
Let v(p) = -11*p**2 - 1422*p + 1303. Give v(-130).
263
Let b(u) = -2*u**3 + 67*u**2 - 1437*u + 5746. What is b(5)?
-14
Let m(k) = 2140*k - 10739. Calculate m(5).
-39
Let b(d) = d**2 - 21855*d - 459399. Calculate b(-21).
-3
Let w(k) = -988*k - 2883. Give w(-3).
81
Let l(c) = -6260*c - 87433. Calculate l(-14).
207
Let m(o) = -o**2 + 729*o + 58527. Determine m(-73).
-19
Let a(j) = -j**2 - 37*j + 2600. Calculate a(-76).
-364
Let j(v) = 323*v + 55891. What is j(-173)?
12
Let f(v) = -20615*v - 391685. Give f(-19).
0
Let l(c) = -4*c**3 - 36*c**2 + 3*c - 267. What is l(-10)?
103
Let t(a) = a**3 - 215*a**2 + 269*a - 12145. Give t(214).
-375
Let a(g) = 6*g + 182. What is a(10)?
242
Let j(t) = t**3 + 33*t**2 - 874*t + 2205. Calculate j(-51).
-39
Let c(g) = -21860*g - 2229652. Give c(-102).
68
Let j(g) = 354676*g + 4965455. Give j(-14).
-9
Let l(q) = 622*q**2 - 1245*q + 5. Give l(2).
3
Let c(m) = -m**3 - 2*m**2 + 86*m + 379. Determine c(-5).
24
Let q(w) = -404*w - 5008. What is q(-12)?
-160
Let p(l) = l**3 + 34*l**2 + 546*l + 22050. What is p(-36)?
-198
Let m(f) = f**3 + 97*f**2 - 1534*f - 10984. What is m(-110)?
456
Let i(y) = 6288*y**2 - 257793*y - 2. What is i(41)?
613
Let m(x) = -8547*x - 888900. Determine m(-104).
-12
Let h(z) = z**2 - 417*z - 7694. Determine h(-18).
136
Let k(n) = 35964*n - 4. What is k(0)?
-4
Let w(i) = -2697*i - 40506. Calculate w(-15).
-51
Let g(t) = t**3 + 9*t**2 - 1813*t - 18054. Determine g(-10).
-24
Let w(o) = 2*o**3 + 217*o**2 + 533*o + 659. Give w(-106).
341
Let b(v) = -42*v**2 - 2430*v + 355. Give b(-58).
7
Let n(l) = -51710*l - 1602929. Calculate n(-31).
81
Let p(b) = b**3 - 27*b**2 + 111*b - 1456. Calculate p(22).
-1434
Let l(j) = -16*j**2 + 136*j - 375. What is l(11)?
-815
Let j(a) = 47*a**2 - 24965*a + 4240. Calculate j(531).
-8
Let g(u) = -1236*u + 51456. Calculate g(42).
-456
Let o(g) = -2*g**3 + 32*g**2 + 1953*g - 29746. Give o(15).
-1
Let q(t) = -264*t**2 + 3*t + 6826. Calculate q(0).
6826
Let g(p) = -2*p**3 + 142*p**2 - 1331*p + 54. What is g(11)?
-67
Let w(d) = -d**3 - 9*d**2 + 162*d + 804. What is w(-5)?
-106
Let s(i) = -23143*i + 115958. What is s(5)?
243
Let u(k) = k**3 - 135*k**2 + 3410*k - 97. Determine u(33).
1355
Let z(g) = -52*g - 11273. Calculate z(-211).
-301
Let g(z) = 665*z**2 + 26587*z - 520. Determine g(-40).
0
Let n(c) = -c**3 + 144*c**2 - 474*c + 26611. What is n(142)?
-369
Let w(r) = -588113*r + 93. Calculate w(0).
93
Let y(c) = -8823*c - 644007. Determine y(-73).
72
Let x(z) = -1148*z - 5042. Determine x(-4).
-450
Let v(o) = 32262*o - 71847468. Determine v(2227).
6
Let q(n) = 3*n**2 + 177*n - 5756. Calculate q(29).
1900
Let y(x) = -6*x**2 - 2074*x + 24183. Determine y(-357).
-93
Let l(r) = -5010*r - 85189. Give l(-17).
-19
Let d(w) = -2*w**2 + 225*w + 3096. Determine d(-15).
-729
Let u(v) = -3*v**3 - 91*v**2 + 72*v + 249. Calculate u(-31).
-61
Let s(t) = 3712*t + 33415. Calculate s(-9).
7
Let c(w) = -2*w**3 - 28*w**2 - 46*w + 231. What is c(-11)?
11
Let i(t) = -t**3 + 379*t**2 + 78*t - 29592. Determine i(379).
-30
Let m(n) = n**3 - 5*n**2 - 283*n + 15. Determine m(-17).
-1532
Let l(y) = 4*y**3 + 821*y**2 - 2528*y + 76. Give l(3).
-11
Let p(x) = -x**3 - 595*x**2 + 1193*x - 580. Calculate p(-597).
17
Let f(c) = -101*c + 602. Calculate f(31).
-2529
Let v(k) = 10*k**2 + 2061*k - 6060. Calculate v(-209).
1
Let y(x) = 2*x**2 + 669*x - 49256. Calculate y(62).
-90
Let b(o) = -o**2 - 84*o - 57. Calculate b(-78).
411
Let g(k) = -19536*k - 117214. Determine g(-6).
2
Let u(v) = v**3 - 9*v**2 - 83*v + 22. Determine u(-8).
-402
Let x(z) = -4*z**3 - z**2 + 21*z + 179. Determine x(-8).
1995
Let a(o) = -15291*o - 642463. What is a(-42)?
-241
Let b(k) = 9835*k + 98345. Determine b(-10).
-5
Let d(h) = 808*h + 2448. Give d(-3).
24
Let t(z) = -7*z**2 + 173*z - 513. Calculate t(22).
-95
Let g(x) = -56*x**2 + 17528*x + 9. Give g(313).
9
Let j(u) = -5*u**3 + 421*u**2 - 74*u - 811. What is j(84)?
29
Let u(s) = s**2 + 794*s - 11251. What is u(14)?
61
Let g(s) = 61*s**3 - 7*s**2 - 23*s + 6. Calculate g(-3).
-1635
Let v(n) = -16*n**2 + 246*n - 539. Calculate v(13).
-45
Let k(x) = 5*x**2 + 7561*x + 67638. What is k(-9)?
-6
Let a(w) = 207*w - 32096. Give a(155).
-11
Let u(x) = -19196*x - 19220. What is u(-1)?
-24
Let x(b) = 128*b + 1365. Determine x(0).
1365
Let k(h) = -h**3 + 20*h**2 - 66*h - 48. Give k(13).
277
Let u(m) = -m**3 - 20*m**2 + 133*m + 2065. Give u(-14).
-973
Let w(c) = 17*c**2 + 4180*c - 4120. Give w(-247).
573
Let u(f) = f**2 + 637*f - 81863. Determine u(111).
1165
Let o(p) = -4*p**3 - 730*p**2 - 6888*p + 118. Determine o(-10).
-2
Let m(o) = -19*o**3 + 21*o**2 + 358*o - 38. What is m(0)?
-38
Let v(w) = -11*w**3 + 6*w**2 - 1162*w - 4677. Determine v(-4).
771
Let v(z) = 118*z + 992. Determine v(-11).
-306
Let d(w) = 118756*w - 475027. Determine d(4).
-3
Let u(t) = 280*t + 30819. What is u(-112)?
-541
Let m(n) = -28*n**2 - 243*n + 59. Determine m(-13).
-1514
Let z(h) = h**3 - 16*h**2 + 1799*h - 28761. Determine z(16).
23
Let z(a) = 9235*a - 9272. Give z(1).
-37
Let s(y) = 5*y**3 + 1093*y**2 - 435*y + 750. Calculate s(-219).
93
Let j(r) = 5*r**3 + 38*r**2 + 29*r + 92. What is j(-6)?
206
Let m(s) = -s**3 - 11*s**2 - 629*s - 6155. Determine m(-10).
35
Let o(n) = 3465*n**2 - 19*n - 20. Calculate o(1).
3426
Let q(s) = -36757*s - 73484. Determine q(-2).
30
Let o(r) = -r**2 - 91838*r + 183681. Give o(2).
1
Let y(k) = 1142*k + 268392. Calculate y(-235).
22
Let d(q) = 109*q**2 - 91437*q - 11755. Determine d(839).
-9
Let n(j) = 5974*j + 2395576. Determine n(-401).
2
Let x(l) = -11*l**2 - 238*l - 2377. Give x(-10).
-1097
Let s(t) = -2*t**3 - 244*t**2 + 49*t + 5953. What is s(-122)?
-25
Let p(h) = 4*h**2 - 6054*h + 591568. Determine p(105).
-2
Let q(j) = 2*j**3 + 77*j**2 - 604*j + 11. Determine q(-45).
866
Let p(c) = -4*c**3 - 25*c**2 + 507*c + 3069. Determine p(-6).
-9
Let g(k) = 2035*k - 1223. Give g(0).
-1223
Let u(g) = 76*g**2 - 11375*g + 22749. Determine u(2).
303
Let h(f) = -68*f**2 + 1112*f - 383. Determine h(16).
1
Let y(t) = t**3 + 11*t**2 + 27*t + 136. Determine y(-10).
-34
Let y(g) = 52*g - 8695. Determine y(179).
613
Let w(l) = -2933*l**2 - 14694*l - 86. Calculate w(-5).
59
Let c(w) = w**2 - 339*w - 196662. What is c(-305)?
-242
Let m(v) = 37*v - 3631. Give m(92).
-227
Let s(d) = 9*d**3 - 53*d**2 - 198*d - 22. Calculate s(-4).
-654
Let a(v) = 12*v**2 - 645*v - 654. Calculate a(-1).
3
Let i(x) = x**3 - 17*x**2 + 51*x + 454. Give i(0).
454
Let w(u) = -29*u**2 - 251*u + 99. Determine w(-11).
-649
Let v(m) = -4*m**3 + 726*m**2 - 374*m + 389. Calculate v(181).
-1783
Let y(r) = -16*r**3 - 239*r**2 + 587*r + 421. Give y(-17).
-21
Let n(a) = -a**3 - 359*a**2 + 32551*a + 202. Calculate n(-434).
-232
Let i(v) = -20351*v - 41164. Calculate i(-2).
-462
Let m(j) = -9*j**2 - 859*j + 493. Determine m(-96).
13
Let s(q) = 3627*q - 290117. Calculate s(80).
43
Let g(p) = -p**3 - 129*p**2 + 465*p - 212. Give g(3).
-5
Let c(k) = 43161*k + 172716. Give c(-4).
72
Let s(u) = -u**2 + 141238*u + 1271218. What is s(-9)?
-5
Let r(p) = -44731*p + 8364686. What is r(187)?
-11
Let w(j) = -19*j**3 + 16*j**2 + 1575*j - 1570. Give w(1).
2
Let n(x) = -6731*x + 39940. What is n(6)?
-446
Let c(g) = 29913*g + 47172805. Calculate c(-1577).
4
Let n(x) = 1046528*x + 45000708. Give n(-43).
4
Let u(p) = 1232*p + 29795. Calculate u(-25).
-1005
Let k(p) = -p**3 - 235*p**2 + 213*p - 4841. Determine k(-236).
587
Let h(m) = -m**3 - 2*m**2 + 873*m + 7442. Calculate h(-25).
-8
Let o(d) = 51*d**2 + 774*d + 215. Give o(-13).
-1228
Let m(j) = -17*j**2 - 808*j - 5. Calculate m(-49).
-1230
Let a(y) = -13*y**3 - 1582*y**2 + 6531*y + 21. What is a(4)?
1
Let b(r) = 2906*r - 892145. Calculate b(307).
-3
Let h(a) = -17*a**2 + 1009*a - 9045. Give h(11).
-3
Let s(d